{"id":10747,"date":"2022-03-04T16:14:19","date_gmt":"2022-03-04T16:14:19","guid":{"rendered":"https:\/\/www.alexandramoura.com\/www\/?post_type=product&#038;p=10747"},"modified":"2025-09-05T13:07:13","modified_gmt":"2025-09-05T13:07:13","slug":"perfeicao-skirt","status":"publish","type":"product","link":"https:\/\/www.alexandramoura.com\/www\/?product=perfeicao-skirt","title":{"rendered":"Saia &#8220;PERFEI\u00c7\u00c3O&#8221;"},"content":{"rendered":"","protected":false},"excerpt":{"rendered":"Saia de el\u00e1stico com bot\u00f5es\r\n\r\nAlgod\u00e3o rosa\r\n\r\nJersey de felpa\r\n\r\n100%CO (MERCERIZED COTTON)\r\n\r\nPromo\u00e7\u00e3o v\u00e1lida de 8 de Agosto a 8 de Novembro 2024","protected":false},"featured_media":10751,"comment_status":"open","ping_status":"closed","template":"","meta":[],"product_brand":[],"product_cat":[82,39],"product_tag":[184,152],"class_list":{"0":"post-10747","1":"product","2":"type-product","3":"status-publish","4":"has-post-thumbnail","6":"product_cat-skirts","7":"product_cat-woman","8":"product_tag-cotton","9":"product_tag-skirt","10":"product_shipping_class-56","11":"pa_tamanho-l","12":"pa_tamanho-m","13":"pa_tamanho-s","15":"first","16":"instock","17":"sale","18":"taxable","19":"shipping-taxable","20":"purchasable","21":"product-type-variable","22":"has-default-attributes"},"aioseo_notices":[],"_links":{"self":[{"href":"https:\/\/www.alexandramoura.com\/www\/index.php?rest_route=\/wp\/v2\/product\/10747","targetHints":{"allow":["GET"]}}],"collection":[{"href":"https:\/\/www.alexandramoura.com\/www\/index.php?rest_route=\/wp\/v2\/product"}],"about":[{"href":"https:\/\/www.alexandramoura.com\/www\/index.php?rest_route=\/wp\/v2\/types\/product"}],"replies":[{"embeddable":true,"href":"https:\/\/www.alexandramoura.com\/www\/index.php?rest_route=%2Fwp%2Fv2%2Fcomments&post=10747"}],"wp:featuredmedia":[{"embeddable":true,"href":"https:\/\/www.alexandramoura.com\/www\/index.php?rest_route=\/wp\/v2\/media\/10751"}],"wp:attachment":[{"href":"https:\/\/www.alexandramoura.com\/www\/index.php?rest_route=%2Fwp%2Fv2%2Fmedia&parent=10747"}],"wp:term":[{"taxonomy":"product_brand","embeddable":true,"href":"https:\/\/www.alexandramoura.com\/www\/index.php?rest_route=%2Fwp%2Fv2%2Fproduct_brand&post=10747"},{"taxonomy":"product_cat","embeddable":true,"href":"https:\/\/www.alexandramoura.com\/www\/index.php?rest_route=%2Fwp%2Fv2%2Fproduct_cat&post=10747"},{"taxonomy":"product_tag","embeddable":true,"href":"https:\/\/www.alexandramoura.com\/www\/index.php?rest_route=%2Fwp%2Fv2%2Fproduct_tag&post=10747"}],"curies":[{"name":"wp","href":"https:\/\/api.w.org\/{rel}","templated":true}]}}